nd 143.
143
What is the highest common factor of 144 and 1472760?
72
Calculate the greatest common factor of 18 and 1176930.
18
What is the greatest common divisor of 1830 and 12945?
15
Calculate the greatest common factor of 37190 and 10.
10
What is the greatest common factor of 5429 and 64355?
61
Calculate the highest common divisor of 79160 and 40.
40
Calculate the highest common factor of 15977 and 13.
13
Calculate the highest common factor of 2808 and 873600.
312
What is the highest common factor of 14616 and 1363?
29
What is the greatest common divisor of 2045978 and 339?
113
What is the highest common divisor of 36580 and 620680?
1180
What is the greatest common factor of 3230 and 5440?
170
Calculate the greatest common factor of 239164 and 4.
4
Calculate the highest common divisor of 1729 and 338.
13
Calculate the greatest common factor of 357 and 57596.
119
Calculate the greatest common factor of 429 and 44031.
39
What is the highest common factor of 2533 and 1088?
17
Calculate the highest common factor of 1491 and 177009.
21
What is the highest common divisor of 384 and 4644?
12
What is the highest common divisor of 657286 and 1059?
353
Calculate the highest common divisor of 316646 and 26048.
814
What is the greatest common factor of 813 and 214903?
271
Calculate the highest common divisor of 1218 and 26334.
42
Calculate the highest common factor of 12 and 103164.
12
What is the greatest common divisor of 114 and 121182?
114
What is the highest common factor of 494 and 428545?
247
Calculate the greatest common divisor of 2331 and 1197.
63
Calculate the greatest common divisor of 10 and 7480.
10
What is the greatest common divisor of 38458 and 14070?
938
What is the highest common factor of 1006 and 4527?
503
Calculate the greatest common divisor of 28 and 2611.
7
Calculate the highest common divisor of 3601 and 43.
1
Calculate the greatest common divisor of 55 and 2123.
11
What is the highest common factor of 204886 and 748?
22
Calculate the greatest common divisor of 5065 and 40.
5
What is the highest common divisor of 35510 and 53530?
530
What is the greatest common factor of 26197 and 1564?
391
Calculate the highest common divisor of 481554 and 62.
62
What is the greatest common divisor of 189175 and 115?
115
What is the highest common factor of 425 and 114665?
85
Calculate the highest common divisor of 10032 and 285.
57
Calculate the greatest common factor of 50726 and 897.
13
What is the greatest common factor of 131 and 317020?
131
Calculate the greatest common factor of 96272 and 8272.
176
What is the greatest common divisor of 6511 and 96133?
383
Calculate the greatest common divisor of 125988 and 24.
12
What is the greatest common divisor of 341 and 1303643?
341
Calculate the highest common factor of 779388 and 96.
12
What is the greatest common divisor of 3900 and 10200?
300
What is the highest common factor of 100122 and 7667?
451
Calculate the highest common divisor of 66948 and 252.
84
Calculate the greatest common factor of 536 and 156780.
268
Calculate the highest common divisor of 153 and 2588913.
153
Calculate the highest common factor of 469748 and 8.
4
Calculate the greatest common divisor of 590862 and 365.
73
Calculate the greatest common divisor of 84 and 100856.
28
Calculate the greatest common divisor of 2825 and 1017.
113
Calculate the highest common factor of 96822 and 108.
54
What is the greatest common factor of 447905 and 145?
145
Calculate the highest common divisor of 4 and 194452.
4
Calculate the highest common divisor of 117384 and 72.
24
What is the greatest common factor of 113 and 83?
1
Calculate the highest common factor of 11316 and 1380.
276
Calculate the greatest common factor of 59013 and 10665.
711
Calculate the greatest common factor of 230579 and 29.
29
What is the highest common factor of 88695 and 73?
73
What is the highest common divisor of 2768 and 604116?
692
What is the highest common divisor of 3664 and 1104?
16
Calculate the highest common factor of 24147 and 63.
9
Calculate the highest common divisor of 1985 and 316409.
397
What is the greatest common factor of 87225 and 600?
75
Calculate the greatest common divisor of 8964 and 5751.
27
What is the highest common divisor of 501 and 72979?
167
What is the greatest common factor of 1381 and 14620647?
1381
Calculate the highest common divisor of 1560 and 15366.
78
Calculate the highest common divisor of 11603 and 119709.
283
Calculate the highest common divisor of 285 and 10697.
19
What is the highest common divisor of 59 and 357304?
59
What is the highest common factor of 18 and 573702?
6
Calculate the highest common divisor of 21903 and 894.
447
What is the highest common factor of 3 and 238133?
1
What is the highest common factor of 560 and 113260?
140
Calculate the greatest common factor of 1872 and 7200.
144
Calculate the highest common factor of 1206 and 2680.
134
What is the greatest common factor of 75755 and 545?
545
Calculate the highest common factor of 912 and 2168128.
304
What is the greatest common divisor of 4440 and 2886?
222
Calculate the highest common divisor of 357 and 439467.
357
What is the highest common divisor of 2764 and 58735?
691
Calculate the highest common divisor of 443 and 23.
1
Calculate the greatest common factor of 112 and 64.
16
What is the greatest common factor of 693 and 525?
21
What is the highest common factor of 25892 and 4?
4
Calculate the greatest common factor of 24 and 44508.
12
Calculate the greatest common divisor of 89 and 176576.
89
What is the greatest common factor of 103 and 105163?
103
What is the highest common factor of 2994006 and 3576?
894
Calculate the highest common divisor of 124256 and 77.
11
What is the greatest common factor of 3360 and 52710?
210
What is the highest common divisor of 202650 and 193?
193
Calculate the highest common divisor of 39 and 1094691.
39
Calculate the greatest common divisor of 245947 and 26.
13
Calculate the highest common divisor of 9798 and 690.
138
What is the highest common factor of 61250 and 1960?
490
What is the greatest common factor of 787 and 33?
1
What is the highest common divisor of 270 and 348570?
270
What is the highest common divisor of 9828 and 121095?
351
What is the highest common divisor of 567 and 599?
1
Calculate the greatest common factor of 64938 and 18.
6
Calculate the highest common divisor of 3021 and 9222.
159
What is the highest common factor of 1450 and 4118?
58
Calculate the greatest common factor of 4755274 and 51.
17
What is the highest common factor of 262317 and 33?
33
What is the highest common factor of 2193 and 175083?
51
What is the greatest common divisor of 85 and 223601?
17
Calculate the greatest common divisor of 1122 and 6256.
34
Calculate the highest common divisor of 16475 and 325.
25
What is the highest common divisor of 11153 and 532?
19
What is the greatest common factor of 266670 and 90?
90
What is the highest common divisor of 2 and 11585?
1
What is the highest common divisor of 1868517 and 114?
57
What is the greatest common factor of 2338427 and 39?
13
What is the greatest common factor of 1404 and 409500?
468
Calculate the greatest common factor of 99751 and 23.
23
What is the highest common factor of 663 and 352257?
51
Calculate the greatest common divisor of 2362774 and 181.
181
Calculate the highest common factor of 288 and 19744.
32
What is the highest common factor of 13595 and 65?
5
What is the greatest common divisor of 602 and 82173?
301
What is the greatest common divisor of 11640 and 16752?
24
What is the highest common factor of 570 and 1426254?
114
Calculate the greatest common divisor of 54 and 469260.
54
What is the greatest common factor of 2294 and 20350?
74
What is the highest common factor of 434 and 170128?
434
What is the highest common divisor of 4824 and 159326?
134
What is the greatest common factor of 159 and 16112?
53
What is the greatest common divisor of 10790 and 661510?
830
What is the greatest common divisor of 1 and 40591?
1
Calculate the highest common factor of 62 and 6331502.
62
What is the greatest common factor of 49 and 29449?
49
Calculate the highest common divisor of 10203960 and 30.
30
Calculate the highest common divisor of 57763 and 16262.
47
Cal